011102012001?
-1011101110011
In base 10, what is 55139127 + 1?
55139128
In base 6, what is -12332111 + 2?
-12332105
In base 13, what is -3 + 169314?
169311
In base 10, what is 1693 + -3562?
-1869
In base 16, what is 183f + d1?
1910
In base 7, what is -2331 - 5124505?
-5130136
In base 4, what is 0 + -10321002011321?
-10321002011321
In base 3, what is -201111 - 200211112?
-201120000
In base 2, what is -101101001111000011001101010 + -1?
-101101001111000011001101011
In base 14, what is bc7cd + 4?
bc7d3
In base 11, what is 3 + 10549a838?
10549a840
In base 12, what is -305101 + 2b?
-305092
In base 14, what is 3d - -1bd6c?
1bdab
In base 15, what is -4 + -479ce0d?
-479ce12
In base 7, what is 2105542 - -2?
2105544
In base 16, what is 1a4056a - 3?
1a40567
In base 14, what is -222c3a + 28?
-222c12
In base 9, what is -2348203 + 13?
-2348180
In base 3, what is 211 + 10112111?
10120022
In base 5, what is 2 + 424134001?
424134003
In base 10, what is -1478 + -30074?
-31552
In base 6, what is 112 - -342500?
343012
In base 9, what is -147 - -11353?
11205
In base 4, what is 11331200213 - 121?
11331200032
In base 16, what is 50c + 21cb3?
221bf
In base 7, what is 24213315 + -61?
24213224
In base 2, what is -11001101101101011010 - -1000?
-11001101101101010010
In base 12, what is -4 - 4329a318?
-4329a320
In base 8, what is 4 + 40442422?
40442426
In base 13, what is 408 + 2a67c?
2aa87
In base 16, what is -18c9 - 839?
-2102
In base 13, what is 1 - 17b2c30?
-17b2c2c
In base 3, what is -11100220021122 + 21?
-11100220021101
In base 4, what is -10211 + 31013233?
31003022
In base 7, what is -112162 - -2114?
-110045
In base 3, what is 100022 - 2102101?
-2002002
In base 9, what is 654577 + -504?
654073
In base 13, what is 173 - 1226a?
-120c7
In base 8, what is 1246336421 - -2?
1246336423
In base 11, what is 94924 - 549?
94386
In base 5, what is 42 - 20244401221?
-20244401124
In base 3, what is 11202010022111 + 1?
11202010022112
In base 5, what is -4024120444 + -2?
-4024121001
In base 11, what is -319 - -22358?
2203a
In base 6, what is 1 + -331544410?
-331544405
In base 15, what is -124dc9 + -63?
-124e3c
In base 9, what is 78 - 326317?
-326228
In base 10, what is -1252 + 276238?
274986
In base 15, what is 115804 + 8a?
11588e
In base 5, what is 220443 + 21013?
242011
In base 11, what is -39171588 + 8?
-39171580
In base 6, what is 45 + -253311542?
-253311453
In base 15, what is -38 - -24bcde?
24bca6
In base 10, what is 1185503 - -5?
1185508
In base 2, what is -100 - 1000000101100110110?
-1000000101100111010
In base 13, what is -3ba1 + 9?
-3b95
In base 13, what is -6ca3b05 - -5?
-6ca3b00
In base 8, what is 261445 - -5311?
266756
In base 3, what is 1210020012 - -100011?
1210120100
In base 5, what is -3 - 40300430400?
-40300430403
In base 11, what is -14 + 3713a3?
37138a
In base 5, what is -1 + -140400124102?
-140400124103
In base 9, what is 3157 - -15233?
18401
In base 5, what is -1240314 - 2244?
-1243113
In base 4, what is 11 + 1011302000013?
1011302000030
In base 3, what is -11021110222101220 + 1?
-11021110222101212
In base 3, what is 101110211120 - 10021?
101110201022
In base 16, what is -47 - -601a?
5fd3
In base 16, what is -5 + 567120e?
5671209
In base 5, what is -12 + -13433130233?
-13433130300
In base 7, what is 141031 + 4155?
145216
In base 14, what is 9d - -3bc25?
3bcc4
In base 12, what is 2 + -43b6420?
-43b641a
In base 7, what is 260056 + 100?
260156
In base 13, what is -3 + 6554c025?
6554c022
In base 7, what is 10 + 46134505?
46134515
In base 10, what is 6421788 - 5?
6421783
In base 6, what is 1543 - -432035?
434022
In base 7, what is -10 - -55562005?
55561665
In base 12, what is -604b7194 - 0?
-604b7194
In base 4, what is 23130232 + -122313?
23001313
In base 9, what is -3432 + -34402?
-37834
In base 14, what is -a565d7 + 2?
-a565d5
In base 16, what is 1e - -6d6dd?
6d6fb
In base 7, what is -250 - -1506611?
1506331
In base 11, what is 6 + 6a150730?
6a150736
In base 5, what is -1343 - 112331013?
-112332411
In base 10, what is -51 - -810422?
810371
In base 6, what is 5 + 1354505024?
1354505033
In base 13, what is -1 - 1730b7?
-1730b8
In base 12, what is a3 - 32bb9?
-32b16
In base 9, what is -8267 - 10371?
-18648
In base 14, what is -72938 + -dc?
-72a36
In base 11, what is -16a13 - 5925?
-21838
In base 12, what is -4538493 + -10?
-45384a3
In base 13, what is 4 + 7447b6?
7447ba
In base 14, what is -d480 + d8a0?
420
In base 8, what is 3 - 126451366?
-126451363
In base 14, what is -3a + -29656?
-29692
In base 5, what is -440202 - -1040?
-434112
In base 16, what is -14 + -20d8410?
-20d8424
In base 10, what is 529678 - -8?
529686
In base 13, what is -502 + -b39?
-133b
In base 9, what is -776 - -228117?
227231
In base 13, what is -a011 + 2b6?
-9a28
In base 4, what is 11010313 + -13220?
10331033
In base 15, what is -37d2 - eb7?
-4799
In base 4, what is -102121 + 111213?
3032
In base 13, what is -c998 - 3c0?
-10088
In base 13, what is 2 - 5aa87?
-5aa85
In base 3, what is -20022000212 - 101120?
-20022102102
In base 9, what is 678478 + -6?
678472
In base 4, what is -1011 + 2113320103?
2113313032
In base 13, what is 52 + -16608?
-16586
In base 5, what is 34110444 + -430?
34110014
In base 6, what is -4120151201 + 0?
-4120151201
In base 8, what is -12 - 3061332?
-3061344
In base 3, what is -11 + -2220211000102?
-2220211000120
In base 15, what is -122889a1 + -4?
-122889a5
In base 3, what is -12111222000000000 + -2?
-12111222000000002
In base 3, what is -10110011002 + -11122?
-10110022201
In base 7, what is -153000 + 1034?
-151633
In base 13, what is b - -53b28?
53b36
In base 14, what is 41 + -60cd8?
-60c97
In base 9, what is 3206 - -2165?
5372
In base 14, what is 23 + -635c1?
-6359c
In base 2, what is 11 - -11101111000101100101111101?
11101111000101100110000000
In base 15, what is 5 - -15320e?
153214
In base 7, what is -2 - -1042315435?
1042315433
In base 14, what is 2165 - 15c04?
-13a7d
In base 13, what is 16b03 + -345?
1678b
In base 3, what is 11 - 1000222012211?
-1000222012200
In base 9, what is -50547 + -3363?
-54021
In base 15, what is 3 + -48a37?
-48a34
In base 12, what is 61b7 - -bb90?
16187
In base 7, what is 26 + -433614?
-433555
In base 3, what is -11 + 1211200012012211?
1211200012012200
In base 13, what is -b0cccb8 - 4?
-b0cccbc
In base 8, what is -2256550 - -5?
-2256543
In base 2, what is 1100011110 + 10111110011101100010?
10111110101010000000
In base 8, what is 17 + 5517755?
5517774
In base 11, what is 24278 - 210?
24068
In base 2, what is 10011100 + -111001100011100011?
-111001100001000111
In base 6, what is -1430 + 2353553?
2352123
In base 16, what is -4 - 458236?
-45823a
In base 12, what is 1199 + -18998?
-177bb
In base 15, what is -40d + -12c540?
-12c94d
In base 6, what is -1044354 + 323?
-1044031
In base 7, what is -152635466 + 0?
-152635466
In base 3, what is -222010011 - -2201222?
-212101012
In base 15, what is 4 + 1010ebc6?
1010ebca
In base 7, what is -360600 - -242?
-360325
In base 5, what is -33244333323 - 31?
-33244333404
In base 12, what is 278a18b1 + 2?
278a18b3
In base 13, what is 1288b + -3796?
c0c5
In base 11, what is -196a4 - 607?
-1a200
In base 13, what is 3983c + b01?
3a640
In base 5, what is -4011400130 - 24?
-4011400204
In base 6, what is -32410422442 - 5?
-32410422451
In base 10, what is -2 + -1942871?
-1942873
In base 7, what is -355505530 - 33?
-355505563
In base 11, what is -134 - -551?
418
In base 11, what is -3 + -18093a5?
-18093a8
In base 16, what is -a1179 - 8?
-a1181
In base 7, what is 10652004 + -534?
10651140
In base 6, what is 35411212 + 532?
35412144
In base 12, what is 5 - 180835?
-180830
In base 16, what is -77765 - -12?
-77753
In base 9, what is 141500 + -1111?
140378
In base 16, what is 2311d - -26e?
2338b
In base 13, what is -12a - -36026?
35bc9
In base 4, what is -22231 + -1221212000?
-1221300231
In base 5, what is 2341232420 - -1401?
2341234321
In base 15, what is -27b9ce65 - -4?
-27b9ce61
In base 15, what is 2 + -d2d779?
-d2d777
In base 3, what is -10221 - -121121122121?
121121111200
In base 12, what is 370 - -a383b4?
a38764
In base 10, what is 2822332 - -25?
2822357
In base 8, what is -141522 + -1737?
-143461
In base 10, what is -781447 + 88?
-781359
In base 11, what is 8 - 1358648?
-1358640
In base 5, what is 3141302 + -12?
3